-138*q. Is q composite?
False
Suppose 0 = -2*y, -449842 = -3*j - 4*y + 28382. Is 7/5 - 1 - j/(-80) prime?
True
Let v(n) = 31*n**2 - 13*n + 277. Let j(t) = -2*t**2 - 44*t - 69. Let o be j(-21). Is v(o) prime?
True
Suppose 4*b - 1478 = 2*s, 0*s + 372 = b - s. Let p = 183 + -243. Let n = p + b. Is n composite?
False
Suppose -5*q + 2*n - 3*n = 15, 5*q + 45 = 5*n. Is (406/(-56))/(q/1072) prime?
False
Let b = 9769 + 5469. Let j = -2769 + b. Is j prime?
False
Suppose -2*c + 2700 = -2*b, 3*c + b = 7*c - 5388. Suppose 8*d - c = 6*d. Is d a prime number?
True
Let z(h) = 1094*h**3 - 6*h**2 - 39*h + 17. Is z(6) a prime number?
True
Suppose 4*d = 13*d - 2106. Is (-2)/13 + 359694/d prime?
False
Let f(i) = 21*i**2 - i + 1. Suppose 4 - 5 = -v. Let z be f(v). Is 35*z - -1*4 composite?
False
Let m(z) = 4*z**2 + 9*z + 21. Let o be 258/(-30) - 6/(-10). Let a be o/(-10) + -1 - (-590)/(-50). Is m(a) prime?
False
Let j(g) = 5794*g**3 + 4*g**2 + 4*g - 7. Is j(2) a prime number?
False
Suppose 1085*b - 1070*b = 2653264 - 727909. Is b a prime number?
False
Suppose y - 3*y - 2 = 2*c, 0 = -5*y - 2*c + 4. Suppose -4*v = v - 20, 0 = -3*n + y*v - 2. Is (n - 9/(-2))*(-1 - -35) prime?
False
Let l be 2 + ((-6)/18 - 4/(-3)). Suppose -6 = 3*x + l*k, 12 + 6 = -5*x - k. Is 409 - (-3)/(x/(-16)*6) composite?
True
Suppose 2*g - 20 = 4*r, 10*g - 6*g + 2*r = 20. Let f(n) = 104*n - 205. Is f(g) composite?
False
Suppose 3*a = -4*o + 13947 + 9889, 4*o - 4*a - 23808 = 0. Let x = -3521 + o. Is x composite?
True
Let h(s) = 3*s**3 - 30*s**2 - 11*s + 329. Is h(26) a prime number?
True
Suppose -y - 5*t = 49, 7*t = -3*y + 3*t - 103. Let s be y/2*(3/(-1) + -9). Suppose -6*d = -228 - s. Is d composite?
False
Suppose -1343336 + 3911357 = 5*f - 4*t, -2*f - 5*t + 1027248 = 0. Is f a composite number?
True
Is (-3 - 3271*(-35)/21)/((-2)/(-3)) a composite number?
True
Suppose 2*k - 20 = -4*d + 6*k, -2*d - 4*k = 20. Let j be -2 + 2 - 6/(-3). Is (j + (-15)/6)*(-158 + d) prime?
True
Suppose -21*w = -25*w + 19372. Let v = 6914 - w. Is v prime?
False
Suppose -3*j + 14 = m, 3*m - 5*j = 69 - 13. Suppose -8064 = -m*u + 3*u. Suppose -3*x + u + 345 = 0. Is x prime?
True
Let j = -222 + -731. Let p = j - -1444. Is p a prime number?
True
Suppose d - 4*o = -4, -4*d - 4*o + 16 = -2*d. Suppose -18020 - 24672 = -d*j. Is j a composite number?
True
Suppose 21 = -3*u, -3*t + 139088 = 5*u - 22736. Is t a prime number?
False
Let r(m) = m**3 - 3*m**2 - 4*m + 3. Let j be r(5). Suppose 0 = 11*h - 32*h + 6762. Suppose j + h = 5*f. Is f a prime number?
True
Suppose -16*k = -11*k - 25. Is 1443 - (k + (-3)/3) composite?
False
Suppose 262 = 2*m + 3*h - 228, -5*h = -2*m + 522. Suppose -5*x - 4*c + 787 = m, x + 4*c = 104. Is 284340/x + 4/18 a composite number?
False
Let u(x) = -x**3 + x**2 + 1. Let k(t) = -7*t**3 - 5*t**2 + 28*t + 12. Let z(f) = k(f) - 5*u(f). Is z(-11) composite?
False
Suppose 0 = 13*l + 180802 - 374030 - 1049533. Is l a composite number?
False
Suppose -6*a + 8604 = -0*a. Let r = a + -319. Is r a prime number?
False
Let w be (3/(-2))/((-1)/(-42)). Let k = w + 75. Is ((-24)/k)/(0 - (-4)/(-894)) a composite number?
True
Let u = 91 - 91. Suppose 0 = -0*y + 3*y + 15, u = 2*d + 5*y - 23701. Is d composite?
False
Suppose -5*x = 2*m + 2384, 4*x - 5 = -13. Let i = 2153 + m. Suppose 0 = 3*w + 6*c - 3*c - 936, 3*w = 3*c + i. Is w a composite number?
False
Let f = -28 - -28. Suppose f = -8*u - 1232 + 15576. Is u prime?
False
Let d(l) = -6*l**3 + 13*l**2 - l + 1. Let s be d(2). Suppose -s*f = 2*v - 20115, -5*v = 27*f - 32*f + 33550. Is f a composite number?
True
Is (78241 + 13)/(-11)*2*(-1)/4 a composite number?
False
Suppose -2*d + 183318 = 4*s, -4*d = 2*s - 28397 - 63277. Is s a composite number?
False
Let j(q) = 8*q**2 - 327*q - 685. Is j(88) composite?
False
Let d(j) = 97*j + 14. Suppose 122 = -3*z + 131. Is d(z) a prime number?
False
Let r(l) = -3*l**2 + 6*l**2 + 4 - 2*l**2 - 5*l. Let k be r(1). Suppose k = -8*p + 189 + 1115. Is p a composite number?
False
Suppose 69*c = 9*c - 144300. Suppose 6*s - 2*s + 6745 = k, 5*s + 3*k = -8427. Let p = s - c. Is p a prime number?
True
Let n be 3*(47975/3 - 9). Is (2/(-4))/(-2 + 95894/n) a composite number?
False
Let m(k) = -10*k + 158. Let a be m(14). Suppose 37*b - 217797 = a*b. Is b prime?
False
Suppose -12 = -3*r + 7*r, 4*p = -r + 24121. Let y = -3128 + p. Is y prime?
True
Suppose 18091818 - 25720357 = -246*w + 19879427. Is w a composite number?
False
Suppose 2*h = -4*o + 52, -5*h - 2*o + 106 = 2*o. Let c be (2256/(-36))/((-4)/h). Suppose 0 = -6*t + 1152 + c. Is t prime?
True
Suppose -624995 = -5*k + v + 16935, 513528 = 4*k - 4*v. Is k a composite number?
True
Let x(n) = 8*n**2 - 152*n - 269. Is x(91) prime?
True
Let i(d) = 254*d**3 - d**2 - 5*d + 1. Let f be (0 - -2)/(-9 - (-209)/22). Is i(f) composite?
True
Let y(d) = 1190*d - 45. Let o = -405 - -416. Is y(o) prime?
False
Is -12 + 343/28 - (0 + 529603/(-4)) prime?
False
Suppose -36 + 59 = -2*g + 5*i, 0 = g - 3*i + 13. Is ((-538)/g)/((-5915)/658 + 9) a prime number?
False
Is (-2279364)/15*60/144*-6 prime?
False
Suppose 9*b = -236287 + 645616. Is b a prime number?
True
Let t be (-693228)/(-20) - -7 - 4/10. Suppose 19*a - 43331 = 14*a + 4*j, 4*j + t = 4*a. Is a prime?
True
Suppose 4*h - 70 = -3*h. Suppose -3*u = 3*i - 8 + 2, -3*u = -i - h. Suppose 177 = u*k - 2*o - 78, -k + 98 = -5*o. Is k a composite number?
False
Let y = 183 + -171. Is y/(-18) + (-9214)/(-6) composite?
True
Suppose 5*y = -4*c + 696562 + 432819, 3*c = -3*y + 677625. Is y a prime number?
False
Suppose 0 = -5*y - 39 - 31. Let i(t) = t**3 + 14*t**2 + t + 5. Let g be i(y). Is (g/(-36))/(2*(-2)/(-9008)) composite?
False
Let g(x) = 217*x - 38. Let a be g(-6). Let z = a - -2847. Is z prime?
False
Let s = 398702 - 281463. Is s a prime number?
True
Let d = 10 - 7. Suppose -3*s + 24 = 4*u + 875, d*u - 262 = s. Let v = s - -468. Is v composite?
False
Let w = 70 - 50. Suppose -t = -a + t + 4, -5*t - 7 = -a. Is ((-4)/a)/(w/(-2510)) composite?
False
Let r(k) = k**3 + 3*k**2 - 9*k + 3. Let v be r(-5). Let b be -6*(v/(-4) - 1). Suppose 8455 = 5*y + 2*a, 5084 = b*y + 2*a - 3*a. Is y a prime number?
True
Let h be 7*(7 + (-408)/56). Let k(q) = 4290*q**2 - 2*q - 5. Is k(h) composite?
False
Suppose -6*y = -18 - 18. Suppose y*g - 3 = 5*g. Suppose g*p - 3509 = 808. Is p a prime number?
True
Suppose -4*m + 9*m - 3*q - 2971570 = 0, 3*q - 2377229 = -4*m. Is m prime?
True
Let v(o) = -o**3 + 8*o**2 + 7*o - 19. Let q(x) = -2*x**3 + 16*x**2 + 15*x - 38. Let d(n) = 2*q(n) - 5*v(n). Let w be 4/(-6) + (-114)/(-9). Is d(w) prime?
False
Let p(t) = 5*t**2 - 56*t + 441. Let j be p(58). Let u = j + -6602. Is u prime?
True
Let p = 659 - 395. Let x = 5261 - 4591. Suppose 0 = 2*i - x + p. Is i composite?
True
Let z = 1042 + -1040. Let l = 15 + -36. Is z/7 + ((-21330)/l - 9) a prime number?
False
Let b(i) = -462*i**2 - i. Let z be b(1). Suppose -1891 - 3789 = -5*k - 3*a, 0 = 5*k + 4*a - 5680. Let m = z + k. Is m a prime number?
True
Suppose 2469*s = 1235*s + 1236*s - 2025238. Is s prime?
True
Suppose -5*h + 5*l + 343535 = 0, -31*h = -32*h - 5*l + 68707. Is h composite?
True
Let u(f) = -38 + 241 - 4980*f + 576*f. Is u(-6) prime?
True
Let c(y) = -2*y - 28. Let b be c(-14). Suppose b = 2*t - 7730 - 14986. Suppose -14*f + t = -8*f. Is f prime?
False
Let u be 4*(-45)/(-40)*1886/1. Let d = u + -5222. Is d a composite number?
True
Suppose -176*n + 54*n + 11743598 = 0. Is n composite?
False
Suppose 2*z = z + 4*v + 52, -3*v = z - 17. Let f = z + -25. Suppose f*c = 7411 - 474. Is c composite?
False
Let i(f) = -36*f**2 - 10*f + 16. Let s be i(3). Let c = s + 591. Is c a composite number?
True
Suppose 24109308 - 928298 = 46*u. Is u a prime number?
False
Suppose 3*u + 0 = 2*j - 20, -j + 3*u + 16 = 0. Let n(s) = -107*s + 3. Let y(x) = -108*x + 5. Let d(o) = -7*n(o) + 6*y(o). Is d(j) a prime number?
False
Let x(c) = -4*c - 28. Let z be x(-6). Let a(j) = -1952*j + 27. Is a(z) a composite number?
True
Let m(w) be the second derivative of 151*w**6/180 - w**4/24 - 2*w**3/3 + 14*w. Let v(i) be the second derivative of m(i). Is v(1) a composite number?
True
Let n(s) = -98*s**3 - 26*s**2 - 35*s - 93. Let q(k) = 33*k**3 + 9*k**2 + 12*k + 31. Let x(r) = 6*n(r) + 17*q(r). Is x(-5) composite?
False
Suppose -14 = u + 4*b, 4*u + u